4*c = -r. Give g(i).
-1
Let z(q) = 2*q**3 - q**2 + 7*q - 2. Let w be 19/(-6) + (-1)/(-6). Let r(f) = -2*f**3 + 2*f**2 - 6*f + 2. Let d(g) = w*r(g) - 2*z(g). Give d(2).
6
Let y(u) = -u**2 + u + 1. Let g(x) = x**3 - 2*x**2 + 3*x + 9. Let k(r) = g(r) - 6*y(r). Let w = 8 + -13. Calculate k(w).
-7
Let v = 64 + -60. Let n(x) = -2*x - 4 + 5*x**2 + 0*x**2 - 4*x**2. What is n(v)?
4
Let t(n) be the second derivative of n**5/20 - n**4/12 + n**3/6 + 3*n**2/2 - 5*n. Give t(0).
3
Let p(j) = j**2 + 3*j - 5. Let d be p(-4). Let i(y) be the third derivative of 0*y**3 + 1/120*y**6 - 1/60*y**5 - 1/24*y**4 + 0 + 0*y - 2*y**2. Give i(d).
-1
Suppose 4*k + 0*k + 12 = 0. Let a(l) be the first derivative of l**4/4 + l**3 - l**2 + 2*l - 1. Calculate a(k).
8
Let t(z) be the second derivative of 5*z**3/6 - z**2/2 - 2*z. Give t(1).
4
Let f = 6 - 7. Let z(j) = 3*j**3 - j**2 + 3*j**2 - 1 + 9*j**3. Give z(f).
-11
Suppose -5*p = -2*u - 14, -3*u + u - 2*p = 0. Let x = 1 - u. Let y(n) = -5*n + x*n - 1 - 2*n**2 + 3*n. Calculate y(2).
-7
Let t(x) = -x. Let g(z) = 8*z - 6. Let c(l) = g(l) + 4*t(l). Determine c(5).
14
Let t = -27 + 30. Let c(l) = l**3 - l + 3. What is c(t)?
27
Suppose j + 7 + 0 = 0. Let x(h) = -h**3 - 6*h**2 + 7*h - 4. Let k be x(j). Let z = k - -4. Let d(m) = -m**2 + m - 7. Determine d(z).
-7
Let b(p) = p**2 - 4*p + 4. Let u be b(3). Let v(m) be the first derivative of 4*m**3/3 - m**2 + m - 202. Determine v(u).
3
Let x(i) = i + 1. Let j(k) = -5*k - 6. Let p(t) = -j(t) - 6*x(t). Calculate p(4).
-4
Let b(g) = g**2 + 5*g - 6. Suppose -3*s + 4*s + 5*r + 17 = 0, 3*r = 3*s + 15. Give b(s).
8
Suppose -5*z = -g + 8, -2*g = -4*g - z - 6. Let k(w) = 2*w - 17*w + 9*w + 3*w + 1. Give k(g).
7
Suppose 5*p + 5*t = 20, -5*t - 12 = -3*p - 0*t. Suppose 4*d - 4*a - 20 = -p, 2*a - 46 = -4*d. Let y(z) = z**3 - 6*z**2 + 1 + d*z - 3*z + 0*z. Determine y(5).
6
Let d(a) be the second derivative of 3*a - 5/6*a**3 + 1/2*a**2 + 0. Let i be d(1). Let z(j) = -j - 2. Determine z(i).
2
Suppose -o + 10 = -i + o, i - 20 = -4*o. Let f(s) = s + 4. Calculate f(i).
4
Let u(c) = c**2 + 2*c. Suppose 3*f - 7*f = -4. Let s be f/((7/(-6))/(-7)). Suppose 4*g = 2*b + 6, -2*b + s + 4 = 4*g. Calculate u(g).
8
Let u(t) = t**2 - 2*t + 1. Suppose -5*y = -y - 12. Let x be (y + -5)*2/(-4). Determine u(x).
0
Suppose -u + 19 = -4*a - a, 0 = -u - 3*a - 21. Let n(p) = -p**2 - 8*p - 8. What is n(u)?
4
Suppose 4*j = -0 + 4. Let y(q) = -2*q**2 + q + 50 + 53 - q**3 - 103. Calculate y(j).
-2
Suppose -14 = k + k. Let t(c) = 2*c**3 + 9*c**2 - 2*c + 2. Let a(h) = -3*h**3 - 13*h**2 + 3*h - 3. Let p(r) = k*t(r) - 5*a(r). Give p(-3).
-5
Let i(v) = -v**2 - 5*v + 7. Let c(a) = -a + 1. Let q(r) = 5*c(r) - i(r). Calculate q(3).
7
Let x be (-3 - -3)*1/(-2). Suppose x = 4*n - 3*s + 19 + 8, 4*n - 5*s + 37 = 0. Let d(t) = -t**2 - 5*t - 1. Calculate d(n).
5
Let b be 0/(6/15*5). Let g(h) = h**2 - 3*h - 2. Let z be g(4). Let w(r) = -r - 1 + 0*r - r**z - 6. Give w(b).
-7
Let d(f) = -2*f**3 - f - 1. Let c be d(-1). Let q be (c + -3)/(-3 - -2). Let o(h) = 4*h - 1 + 1 - q. Calculate o(-1).
-5
Let z(k) be the third derivative of k**5/60 - k**4/24 + k**3/6 - 2*k**2. Calculate z(1).
1
Let z(b) = -11*b - 1. Let r = -23 + 22. Give z(r).
10
Let k(b) = b**2 + 7*b - 6. Let l be k(-7). Let u(h) = h**3 + 6*h**2 - h + 7. Determine u(l).
13
Let a = 21 - 19. Let z(l) = l**2 + l**2 + 3*l + 6 - 3*l**a - 8*l. What is z(-6)?
0
Let l(d) = -d**2 + d - 1. Suppose 3*h - h - 10 = 0. Let m(j) = -8*j**2 + 7*j - 6. Let i(a) = h*l(a) - m(a). What is i(1)?
2
Let k(q) be the first derivative of -q**2 + 1 + 4*q - 1/3*q**3. Suppose 3*l - 4*b = 4*l - 4, l = -5*b + 6. What is k(l)?
-4
Let g be 42/(-12)*(-4)/7. Let b(w) = -2*w**3 + 3*w**2 - w + 1. Determine b(g).
-5
Let t(v) = v - 2. Let b(i) = 7*i - 12. Let d(n) = 6*b(n) - 39*t(n). Give d(-5).
-9
Let x(w) = -3*w**2 - 2*w - 3. Suppose -c + 8 + 1 = -n, -5*n = -2*c + 30. Suppose -18 = c*i - 4*g, -5*i - 5*g = -0*i. What is x(i)?
-11
Let j(l) be the third derivative of l**4/8 - l**2. What is j(2)?
6
Suppose 0 = -2*g - 2*g. Suppose -5*s + 4*f = g, -3*s = 4*f + f + 37. Let w be s/(-4)*(0 - -1). Let o(j) = -6*j**3 - j**2 + 1. What is o(w)?
-6
Let i(m) = 2*m + m - 2*m - 4. Determine i(6).
2
Let d be 25/10 + (-1)/2. Let b(a) = -4*a + a**d + 0 + 2 - 3*a. What is b(5)?
-8
Suppose 0 = 2*y - 7*p + 2*p - 6, -y - 3*p + 3 = 0. Let f(b) = -b**2 + 2*b + 2. Give f(y).
-1
Let n be ((-3)/3)/(1/(-13)). Suppose -2*c = -r + 1, -2*r = 4*c + r - n. Let u = c + 3. Let i(v) = -v**3 + 5*v**2 - 3*v - 2. Determine i(u).
2
Let d(y) = -1 + 4 + 0 - y. Let g be d(3). Let b(w) be the first derivative of -w**4/4 - w**3/3 - w**2/2 + 3*w + 1. Determine b(g).
3
Let h(z) = 0 + 7*z - 8*z + 3 - z**3 + 9*z**2. What is h(9)?
-6
Let j(n) = -12*n + 13*n + 1 - 4*n. What is j(4)?
-11
Suppose -13 + 6 = d. Let r = d + 4. Let z(b) = b**2 + 5*b + 2. Calculate z(r).
-4
Let s be (12 + -4)*2/(-4). Let p(h) = h**3 + 3*h**2 - 5*h - 3. Calculate p(s).
1
Suppose -2*y + 2*v = -6, -25 = -5*y - 2*v + 4. Let h(n) = 29*n**2 + 7*n - 9*n**2 + 1 - 16*n**2 - n**3. What is h(y)?
11
Let m(z) = -4*z + z**3 - 13 + 14 + 0 - 2*z**2. Give m(4).
17
Let g(z) = -3*z**2. Suppose 0 - 8 = -4*i. Let y be (-5)/10*i/1. Give g(y).
-3
Suppose b + 6 = -2*k - b, -5*b = 2*k + 9. Let v(w) = -3*w + 1. Let x be v(k). Let n = 11 - x. Let l(d) = -d**3 + 3*d**2 + 5*d - 4. What is l(n)?
0
Let h(f) = f**2 - 2*f - 2. Suppose -23*i + 27*i - 20 = 0. Calculate h(i).
13
Let w(y) = y**3 - 2*y**2 - 3*y + 1. Let b be 1/(3 + 10/(-4) + 0). Calculate w(b).
-5
Let y(r) = r**2 - 6*r + 7. Suppose 5 = -f + 3*f - 5*a, 2*f - 4*a = 4. Suppose 5*k + f*k = -35. Let i(n) = -2*n - 9. Let l be i(k). Determine y(l).
2
Let s(f) = -7*f + 6*f - f. What is s(-1)?
2
Let d(u) be the first derivative of -3*u**5/20 + u**3/3 + u**2/2 + 2*u - 1. Let b(i) be the first derivative of d(i). Suppose 2*c = -1 - 1. What is b(c)?
2
Let h(w) = -40 + w - 35 - 42 + 118. Calculate h(-4).
-3
Let l(p) = 0*p**2 + 2*p**2 - 2 - 3*p**2 + 5*p. Suppose 2*d + 12 = 4. Let a = 1 - d. What is l(a)?
-2
Let f(p) = 2 + 1 - 2*p**2 - 2*p - 3*p. Let v be (3 + 7/(-3))*(-42)/7. Calculate f(v).
-9
Let o(v) = v**3 - v**2 + v + 3. Suppose 3*z = z. Give o(z).
3
Let v(f) = -6*f**2 + 7*f - 6. Let l(c) = 7*c**2 - 8*c + 7. Let z be (2/3)/((-4)/24). Let t(i) = z*l(i) - 5*v(i). Calculate t(2).
4
Let o(s) = s + s + 4 - 3*s. Let a be -17 + 21 - 2*2. Give o(a).
4
Let h(y) = y**3 - y. Let p(w) = 4*w**3 - 2*w**2 - 2*w - 1. Let m(d) = -3*h(d) + p(d). Calculate m(2).
1
Let c(s) = s. Let p(k) = 4*k. Let u(l) = 3*c(l) - p(l). Give u(1).
-1
Suppose -4*n = 2*l - 18, 5*n - 15 = l + n. Let g(h) = 6*h**2 + h - 1. Let b be g(1). Let m(z) = z - z + b*z**2 + 2 + 2*z - 3. Give m(l).
7
Let i(d) = -d - 6. Let t be 5*(92/(-20) + 3). Determine i(t).
2
Suppose 4*j = -3*g + 30, -j + 2*g = -g. Suppose l = -l + 4*z + j, 4*l = -5*z - 27. Let k(t) = -1 + t**3 + 0 + 3 + 3*t**2. Calculate k(l).
2
Let t(f) = f**3 + 7*f**2 + 6*f + 5. Let b be t(-6). Suppose 0 = 3*q - 2*y - 15 + 5, 20 = b*y. Suppose -2*l = -0*l + q. Let z(u) = u + 4. What is z(l)?
1
Let w(j) be the second derivative of j**3/6 - 11*j**2/2 + 14*j. What is w(0)?
-11
Let a(p) = p**2 - 4*p - 1. Let y be a(4). Let i(g) be the first derivative of 4*g**3/3 + g**2 + g + 1. What is i(y)?
3
Let j(y) = y**3 - 7*y**2 + 11*y + 9. Let x(t) = t**3 - 7*t**2 + 10*t + 8. Let o(p) = 5*j(p) - 6*x(p). Let w be o(6). Let v(u) = -2*u - 3. What is v(w)?
-9
Let p(a) = a**3 - 3*a**2 - 3*a - 1. Let y be p(4). Let q(m) = -4*m + 4*m - y*m. Give q(3).
-9
Let b be 4/10 + (-46)/(-10). Suppose -d + 4 = 2*w, b*w = 5*d - 1 + 11. Let u(f) = -2*f**2 + 2*f + 2. Give u(w).
-2
Suppose 0*z + 30 = -5*z. Let m(v) = -v**2 - 7*v - 2. Let b be m(z). Let i(y) = -y**3 + 3*y**2 + 4*y - 1. Determine i(b).
-1
Let w(s) = 2*s + 5. Let j = 6 + -10. Determine w(j).
-3
Let d be 0 - (-2 - 5)*2. Let f = -9 + d. Suppose 3*w = -f*h + 1, 0*w + 5*h + 3 = -w. Let v(p) = 4*p + 1. Determine v(w).
9
Let j(m) = -2*m + 5*m + 0*m + 6. Let g(d) = -d**3 + 18*d**2 + d - 22. Let u be g(18). Determine j(u).
-6
Let z(s) = s - 2*s**2 - 4 - 5*s + 3*s**2. Suppose 5*c = -4*v + 4*c - 29, 2*v + 7 = c. Let d = v + 9. What is z(d)?
-7
Let i = -3 - -5. Suppose -z = -5*c - 4*z + 10, i*z = 0. Let r(x) = -4*x - 7*x**2 - 1 + 8*x**c + 4*x**2 - x*